{"id":17,"date":"2025-07-22T13:19:36","date_gmt":"2025-07-22T13:19:36","guid":{"rendered":"https:\/\/requintemarcenaria.com\/contact-us\/"},"modified":"2025-09-11T13:32:01","modified_gmt":"2025-09-11T13:32:01","slug":"contato","status":"publish","type":"page","link":"https:\/\/requintemarcenaria.com\/?page_id=17","title":{"rendered":"Contato"},"content":{"rendered":"\t\t<div data-elementor-type=\"wp-page\" data-elementor-id=\"17\" class=\"elementor elementor-17\">\n\t\t\t\t<div class=\"elementor-element elementor-element-bea8998 e-flex e-con-boxed e-con e-parent\" data-id=\"bea8998\" data-element_type=\"container\" data-settings=\"{&quot;background_background&quot;:&quot;classic&quot;}\">\n\t\t\t\t\t<div class=\"e-con-inner\">\n\t\t<div class=\"elementor-element elementor-element-1e8a867 e-con-full e-flex e-con e-child\" data-id=\"1e8a867\" data-element_type=\"container\">\n\t\t\t\t<div class=\"elementor-element elementor-element-bb2be03 elementor-widget elementor-widget-heading\" data-id=\"bb2be03\" data-element_type=\"widget\" data-widget_type=\"heading.default\">\n\t\t\t\t<div class=\"elementor-widget-container\">\n\t\t\t\t\t<h1 class=\"elementor-heading-title elementor-size-default\">Contato<\/h1>\t\t\t\t<\/div>\n\t\t\t\t<\/div>\n\t\t\t\t<\/div>\n\t\t\t\t\t<\/div>\n\t\t\t\t<\/div>\n\t\t<div class=\"elementor-element elementor-element-49911ed e-flex e-con-boxed e-con e-parent\" data-id=\"49911ed\" data-element_type=\"container\" data-settings=\"{&quot;background_background&quot;:&quot;classic&quot;}\">\n\t\t\t\t\t<div class=\"e-con-inner\">\n\t\t<div class=\"elementor-element elementor-element-72ad953 e-con-full elementor-hidden-mobile e-flex e-con e-child\" data-id=\"72ad953\" data-element_type=\"container\">\n\t\t\t\t<div class=\"elementor-element elementor-element-80e9197 elementor-widget elementor-widget-image\" data-id=\"80e9197\" data-element_type=\"widget\" data-widget_type=\"image.default\">\n\t\t\t\t<div class=\"elementor-widget-container\">\n\t\t\t\t\t\t\t\t\t\t\t\t\t\t\t<img fetchpriority=\"high\" decoding=\"async\" width=\"500\" height=\"672\" src=\"https:\/\/requintemarcenaria.com\/wp-content\/uploads\/2021\/06\/contact-us-1.jpg\" class=\"elementor-animation-float attachment-large size-large wp-image-381\" alt=\"contact us 1\" srcset=\"https:\/\/requintemarcenaria.com\/wp-content\/uploads\/2021\/06\/contact-us-1.jpg 500w, https:\/\/requintemarcenaria.com\/wp-content\/uploads\/2021\/06\/contact-us-1-223x300.jpg 223w\" sizes=\"(max-width: 500px) 100vw, 500px\" \/>\t\t\t\t\t\t\t\t\t\t\t\t\t\t\t<\/div>\n\t\t\t\t<\/div>\n\t\t\t\t<\/div>\n\t\t<div class=\"elementor-element elementor-element-68a94f3 e-con-full e-flex e-con e-child\" data-id=\"68a94f3\" data-element_type=\"container\">\n\t\t\t\t<div class=\"elementor-element elementor-element-9e19a0e elementor-widget elementor-widget-heading\" data-id=\"9e19a0e\" data-element_type=\"widget\" data-widget_type=\"heading.default\">\n\t\t\t\t<div class=\"elementor-widget-container\">\n\t\t\t\t\t<h6 class=\"elementor-heading-title elementor-size-default\">Entre em contato<\/h6>\t\t\t\t<\/div>\n\t\t\t\t<\/div>\n\t\t\t\t<div class=\"elementor-element elementor-element-0a03b1f elementor-widget elementor-widget-heading\" data-id=\"0a03b1f\" data-element_type=\"widget\" data-widget_type=\"heading.default\">\n\t\t\t\t<div class=\"elementor-widget-container\">\n\t\t\t\t\t<h2 class=\"elementor-heading-title elementor-size-default\">Tem alguma pergunta <br>\nEnvie para a gente <\/h2>\t\t\t\t<\/div>\n\t\t\t\t<\/div>\n\t\t\t\t<div class=\"elementor-element elementor-element-ac28cc7 elementor-widget elementor-widget-wpforms\" data-id=\"ac28cc7\" data-element_type=\"widget\" data-widget_type=\"wpforms.default\">\n\t\t\t\t<div class=\"elementor-widget-container\">\n\t\t\t\t\t<div class=\"wpforms-container \" id=\"wpforms-2826\"><form id=\"wpforms-form-2826\" class=\"wpforms-validate wpforms-form\" data-formid=\"2826\" method=\"post\" enctype=\"multipart\/form-data\" action=\"\/index.php?rest_route=%2Fwp%2Fv2%2Fpages%2F17\" data-token=\"dd5280c76df8dc21b8e2dfe0f1c99431\" data-token-time=\"1776429074\"><noscript class=\"wpforms-error-noscript\">Ative o JavaScript no seu navegador para preencher este formul\u00e1rio.<\/noscript><div class=\"wpforms-field-container\"><div id=\"wpforms-2826-field_0-container\" class=\"wpforms-field wpforms-field-name\" data-field-id=\"0\"><label class=\"wpforms-field-label wpforms-label-hide\" for=\"wpforms-2826-field_0\">Nome <span class=\"wpforms-required-label\">*<\/span><\/label><input type=\"text\" id=\"wpforms-2826-field_0\" class=\"wpforms-field-large wpforms-field-required\" name=\"wpforms[fields][0]\" placeholder=\"Nome completo\" required><\/div><div id=\"wpforms-2826-field_8-container\" class=\"wpforms-field wpforms-field-text\" data-field-id=\"8\"><label class=\"wpforms-field-label wpforms-label-hide\" for=\"wpforms-2826-field_8\">Numero de telefone<\/label><input type=\"text\" id=\"wpforms-2826-field_8\" class=\"wpforms-field-large\" name=\"wpforms[fields][8]\" placeholder=\"Numero de telefone\" ><\/div><div id=\"wpforms-2826-field_7-container\" class=\"wpforms-field wpforms-field-email\" data-field-id=\"7\"><label class=\"wpforms-field-label wpforms-label-hide\" for=\"wpforms-2826-field_7\">Email <span class=\"wpforms-required-label\">*<\/span><\/label><input type=\"email\" id=\"wpforms-2826-field_7\" class=\"wpforms-field-large wpforms-field-required\" name=\"wpforms[fields][7]\" placeholder=\"Email\" spellcheck=\"false\" required><\/div><div id=\"wpforms-2826-field_5-container\" class=\"wpforms-field wpforms-field-text\" data-field-id=\"5\"><label class=\"wpforms-field-label wpforms-label-hide\" for=\"wpforms-2826-field_5\">Residencial ou Comercial?<\/label><input type=\"text\" id=\"wpforms-2826-field_5\" class=\"wpforms-field-large\" name=\"wpforms[fields][5]\" placeholder=\"Movel residencial ou Comercial?\" ><\/div><div id=\"wpforms-2826-field_2-container\" class=\"wpforms-field wpforms-field-textarea\" data-field-id=\"2\"><label class=\"wpforms-field-label wpforms-label-hide\" for=\"wpforms-2826-field_2\">Escreva sua mensagem <span class=\"wpforms-required-label\">*<\/span><\/label><textarea id=\"wpforms-2826-field_2\" class=\"wpforms-field-medium wpforms-field-required\" name=\"wpforms[fields][2]\" placeholder=\"Mensagem\" required><\/textarea><\/div><\/div><!-- .wpforms-field-container --><div class=\"wpforms-submit-container\" ><input type=\"hidden\" name=\"wpforms[id]\" value=\"2826\"><input type=\"hidden\" name=\"page_title\" value=\"\"><input type=\"hidden\" name=\"page_url\" value=\"https:\/\/requintemarcenaria.com\/index.php?rest_route=\/wp\/v2\/pages\/17\"><input type=\"hidden\" name=\"url_referer\" value=\"\"><button type=\"submit\" name=\"wpforms[submit]\" id=\"wpforms-submit-2826\" class=\"wpforms-submit\" data-alt-text=\"Sending...\" data-submit-text=\"Enviar\" aria-live=\"assertive\" value=\"wpforms-submit\">Enviar<\/button><\/div><\/form><\/div>  <!-- .wpforms-container -->\t\t\t\t<\/div>\n\t\t\t\t<\/div>\n\t\t\t\t<\/div>\n\t\t\t\t\t<\/div>\n\t\t\t\t<\/div>\n\t\t<div class=\"elementor-element elementor-element-8f3d620 e-flex e-con-boxed e-con e-parent\" data-id=\"8f3d620\" data-element_type=\"container\" data-settings=\"{&quot;background_background&quot;:&quot;classic&quot;}\">\n\t\t\t\t\t<div class=\"e-con-inner\">\n\t\t<div class=\"elementor-element elementor-element-634cf14 e-con-full e-flex e-con e-child\" data-id=\"634cf14\" data-element_type=\"container\" data-settings=\"{&quot;background_background&quot;:&quot;classic&quot;}\">\n\t\t\t\t<div class=\"elementor-element elementor-element-638deb1 elementor-widget-divider--view-line_text elementor-widget-divider--element-align-right elementor-widget elementor-widget-divider\" data-id=\"638deb1\" data-element_type=\"widget\" data-widget_type=\"divider.default\">\n\t\t\t\t<div class=\"elementor-widget-container\">\n\t\t\t\t\t\t\t<div class=\"elementor-divider\">\n\t\t\t<span class=\"elementor-divider-separator\">\n\t\t\t\t\t\t\t<h6 class=\"elementor-divider__text elementor-divider__element\">\n\t\t\t\tVisite nossa loja\t\t\t\t<\/h6>\n\t\t\t\t\t\t<\/span>\n\t\t<\/div>\n\t\t\t\t\t\t<\/div>\n\t\t\t\t<\/div>\n\t\t\t\t<div class=\"elementor-element elementor-element-2724744 elementor-position-inline-start elementor-view-default elementor-mobile-position-block-start elementor-widget elementor-widget-icon-box\" data-id=\"2724744\" data-element_type=\"widget\" data-widget_type=\"icon-box.default\">\n\t\t\t\t<div class=\"elementor-widget-container\">\n\t\t\t\t\t\t\t<div class=\"elementor-icon-box-wrapper\">\n\n\t\t\t\t\t\t<div class=\"elementor-icon-box-icon\">\n\t\t\t\t<span  class=\"elementor-icon\">\n\t\t\t\t<i aria-hidden=\"true\" class=\"fas fa-location-arrow\"><\/i>\t\t\t\t<\/span>\n\t\t\t<\/div>\n\t\t\t\n\t\t\t\t\t\t<div class=\"elementor-icon-box-content\">\n\n\t\t\t\t\t\t\t\t\t<h6 class=\"elementor-icon-box-title\">\n\t\t\t\t\t\t<span  >\n\t\t\t\t\t\t\tItapevi, SP\t\t\t\t\t\t<\/span>\n\t\t\t\t\t<\/h6>\n\t\t\t\t\n\t\t\t\t\t\t\t\t\t<p class=\"elementor-icon-box-description\">\n\t\t\t\t\t\t R. Prof. Dimar\u00e3es Ant\u00f4nio Sandei, 137 - Cidade da Saude - 06693-130\n\t\t\t\t\t<\/p>\n\t\t\t\t\n\t\t\t<\/div>\n\t\t\t\n\t\t<\/div>\n\t\t\t\t\t\t<\/div>\n\t\t\t\t<\/div>\n\t\t\t\t<\/div>\n\t\t<div class=\"elementor-element elementor-element-3742aa7 e-con-full e-flex e-con e-child\" data-id=\"3742aa7\" data-element_type=\"container\" data-settings=\"{&quot;background_background&quot;:&quot;classic&quot;}\">\n\t\t\t\t<div class=\"elementor-element elementor-element-5d7bae8 elementor-widget-divider--view-line_text elementor-widget-divider--element-align-right elementor-widget elementor-widget-divider\" data-id=\"5d7bae8\" data-element_type=\"widget\" data-widget_type=\"divider.default\">\n\t\t\t\t<div class=\"elementor-widget-container\">\n\t\t\t\t\t\t\t<div class=\"elementor-divider\">\n\t\t\t<span class=\"elementor-divider-separator\">\n\t\t\t\t\t\t\t<h6 class=\"elementor-divider__text elementor-divider__element\">\n\t\t\t\tLigue para n\u00f3s\t\t\t\t<\/h6>\n\t\t\t\t\t\t<\/span>\n\t\t<\/div>\n\t\t\t\t\t\t<\/div>\n\t\t\t\t<\/div>\n\t\t\t\t<div class=\"elementor-element elementor-element-e82c690 elementor-position-inline-start elementor-view-default elementor-mobile-position-block-start elementor-widget elementor-widget-icon-box\" data-id=\"e82c690\" data-element_type=\"widget\" data-widget_type=\"icon-box.default\">\n\t\t\t\t<div class=\"elementor-widget-container\">\n\t\t\t\t\t\t\t<div class=\"elementor-icon-box-wrapper\">\n\n\t\t\t\t\t\t<div class=\"elementor-icon-box-icon\">\n\t\t\t\t<span  class=\"elementor-icon\">\n\t\t\t\t<i aria-hidden=\"true\" class=\"fas fa-phone-alt\"><\/i>\t\t\t\t<\/span>\n\t\t\t<\/div>\n\t\t\t\n\t\t\t\t\t\t<div class=\"elementor-icon-box-content\">\n\n\t\t\t\t\t\t\t\t\t<h6 class=\"elementor-icon-box-title\">\n\t\t\t\t\t\t<span  >\n\t\t\t\t\t\t\t(11) 98680-4766\t\t\t\t\t\t<\/span>\n\t\t\t\t\t<\/h6>\n\t\t\t\t\n\t\t\t\t\t\t\t\t\t<p class=\"elementor-icon-box-description\">\n\t\t\t\t\t\tAtendemos de seg a sex das 08H  \u00e1s  18H\t\t\t\t\t<\/p>\n\t\t\t\t\n\t\t\t<\/div>\n\t\t\t\n\t\t<\/div>\n\t\t\t\t\t\t<\/div>\n\t\t\t\t<\/div>\n\t\t\t\t<\/div>\n\t\t<div class=\"elementor-element elementor-element-fade426 e-con-full e-flex e-con e-child\" data-id=\"fade426\" data-element_type=\"container\" data-settings=\"{&quot;background_background&quot;:&quot;classic&quot;}\">\n\t\t\t\t<div class=\"elementor-element elementor-element-299a49e elementor-widget-divider--view-line_text elementor-widget-divider--element-align-right elementor-widget elementor-widget-divider\" data-id=\"299a49e\" data-element_type=\"widget\" data-widget_type=\"divider.default\">\n\t\t\t\t<div class=\"elementor-widget-container\">\n\t\t\t\t\t\t\t<div class=\"elementor-divider\">\n\t\t\t<span class=\"elementor-divider-separator\">\n\t\t\t\t\t\t\t<h6 class=\"elementor-divider__text elementor-divider__element\">\n\t\t\t\tMande um email\t\t\t\t<\/h6>\n\t\t\t\t\t\t<\/span>\n\t\t<\/div>\n\t\t\t\t\t\t<\/div>\n\t\t\t\t<\/div>\n\t\t\t\t<div class=\"elementor-element elementor-element-ea2a887 elementor-position-inline-start elementor-view-default elementor-mobile-position-block-start elementor-widget elementor-widget-icon-box\" data-id=\"ea2a887\" data-element_type=\"widget\" data-widget_type=\"icon-box.default\">\n\t\t\t\t<div class=\"elementor-widget-container\">\n\t\t\t\t\t\t\t<div class=\"elementor-icon-box-wrapper\">\n\n\t\t\t\t\t\t<div class=\"elementor-icon-box-icon\">\n\t\t\t\t<span  class=\"elementor-icon\">\n\t\t\t\t<i aria-hidden=\"true\" class=\"far fa-envelope\"><\/i>\t\t\t\t<\/span>\n\t\t\t<\/div>\n\t\t\t\n\t\t\t\t\t\t<div class=\"elementor-icon-box-content\">\n\n\t\t\t\t\n\t\t\t\t\t\t\t\t\t<p class=\"elementor-icon-box-description\">\n\t\t\t\t\t\trequinte.marcenaria@outlook.com.br<br>\nrequinte.marcenaria@outlook.com.br\t\t\t\t\t<\/p>\n\t\t\t\t\n\t\t\t<\/div>\n\t\t\t\n\t\t<\/div>\n\t\t\t\t\t\t<\/div>\n\t\t\t\t<\/div>\n\t\t\t\t<\/div>\n\t\t\t\t\t<\/div>\n\t\t\t\t<\/div>\n\t\t<div class=\"elementor-element elementor-element-f8dad65 e-flex e-con-boxed e-con e-parent\" data-id=\"f8dad65\" data-element_type=\"container\" data-settings=\"{&quot;background_background&quot;:&quot;classic&quot;}\">\n\t\t\t\t\t<div class=\"e-con-inner\">\n\t\t<div class=\"elementor-element elementor-element-23e5ba6 e-con-full e-flex e-con e-child\" data-id=\"23e5ba6\" data-element_type=\"container\">\n\t\t\t\t<div class=\"elementor-element elementor-element-bc554ac elementor-widget elementor-widget-google_maps\" data-id=\"bc554ac\" data-element_type=\"widget\" data-widget_type=\"google_maps.default\">\n\t\t\t\t<div class=\"elementor-widget-container\">\n\t\t\t\t\t\t\t<div class=\"elementor-custom-embed\">\n\t\t\t<iframe loading=\"lazy\"\n\t\t\t\t\tsrc=\"https:\/\/maps.google.com\/maps?q=R.%20Prof.%20Dimar%C3%A3es%20Ant%C3%B4nio%20Sandei%2C%20137%20-%20Cidade%20da%20Saude%2C%20Itapevi%20-%20SP&#038;t=m&#038;z=10&#038;output=embed&#038;iwloc=near\"\n\t\t\t\t\ttitle=\"R. Prof. Dimar\u00e3es Ant\u00f4nio Sandei, 137 - Cidade da Saude, Itapevi - SP\"\n\t\t\t\t\taria-label=\"R. Prof. Dimar\u00e3es Ant\u00f4nio Sandei, 137 - Cidade da Saude, Itapevi - SP\"\n\t\t\t><\/iframe>\n\t\t<\/div>\n\t\t\t\t\t\t<\/div>\n\t\t\t\t<\/div>\n\t\t\t\t<\/div>\n\t\t\t\t\t<\/div>\n\t\t\t\t<\/div>\n\t\t\t\t<\/div>\n\t\t","protected":false},"excerpt":{"rendered":"<p>Contato Entre em contato Tem alguma pergunta Envie para a gente Ative o JavaScript no seu navegador para preencher este formul\u00e1rio.Nome *Numero de telefoneEmail *Residencial ou Comercial?Escreva sua mensagem * Enviar Visite nossa loja Itapevi, SP R. Prof. Dimar\u00e3es Ant\u00f4nio Sandei, 137 &#8211; Cidade da Saude &#8211; 06693-130 Ligue para n\u00f3s (11) 98680-4766 Atendemos de [&hellip;]<\/p>\n","protected":false},"author":1,"featured_media":0,"parent":0,"menu_order":0,"comment_status":"closed","ping_status":"closed","template":"","meta":{"site-sidebar-layout":"no-sidebar","site-content-layout":"page-builder","ast-site-content-layout":"default","site-content-style":"default","site-sidebar-style":"default","ast-global-header-display":"","ast-banner-title-visibility":"","ast-main-header-display":"","ast-hfb-above-header-display":"","ast-hfb-below-header-display":"","ast-hfb-mobile-header-display":"","site-post-title":"disabled","ast-breadcrumbs-content":"disabled","ast-featured-img":"disabled","footer-sml-layout":"","theme-transparent-header-meta":"enabled","adv-header-id-meta":"","stick-header-meta":"","header-above-stick-meta":"","header-main-stick-meta":"","header-below-stick-meta":"","astra-migrate-meta-layouts":"default","ast-page-background-enabled":"default","ast-page-background-meta":{"desktop":{"background-color":"","background-image":"","background-repeat":"repeat","background-position":"center center","background-size":"auto","background-attachment":"scroll","background-type":"","background-media":"","overlay-type":"","overlay-color":"","overlay-opacity":"","overlay-gradient":""},"tablet":{"background-color":"","background-image":"","background-repeat":"repeat","background-position":"center center","background-size":"auto","background-attachment":"scroll","background-type":"","background-media":"","overlay-type":"","overlay-color":"","overlay-opacity":"","overlay-gradient":""},"mobile":{"background-color":"","background-image":"","background-repeat":"repeat","background-position":"center center","background-size":"auto","background-attachment":"scroll","background-type":"","background-media":"","overlay-type":"","overlay-color":"","overlay-opacity":"","overlay-gradient":""}},"ast-content-background-meta":{"desktop":{"background-color":"var(--ast-global-color-5)","background-image":"","background-repeat":"repeat","background-position":"center center","background-size":"auto","background-attachment":"scroll","background-type":"","background-media":"","overlay-type":"","overlay-color":"","overlay-opacity":"","overlay-gradient":""},"tablet":{"background-color":"var(--ast-global-color-5)","background-image":"","background-repeat":"repeat","background-position":"center center","background-size":"auto","background-attachment":"scroll","background-type":"","background-media":"","overlay-type":"","overlay-color":"","overlay-opacity":"","overlay-gradient":""},"mobile":{"background-color":"var(--ast-global-color-5)","background-image":"","background-repeat":"repeat","background-position":"center center","background-size":"auto","background-attachment":"scroll","background-type":"","background-media":"","overlay-type":"","overlay-color":"","overlay-opacity":"","overlay-gradient":""}},"footnotes":""},"class_list":["post-17","page","type-page","status-publish","hentry"],"yoast_head":"<!-- This site is optimized with the Yoast SEO plugin v26.8 - https:\/\/yoast.com\/product\/yoast-seo-wordpress\/ -->\n<title>Contato - Requinte Marcenaria<\/title>\n<meta name=\"robots\" content=\"index, follow, max-snippet:-1, max-image-preview:large, max-video-preview:-1\" \/>\n<link rel=\"canonical\" href=\"https:\/\/requintemarcenaria.com\/?page_id=17\" \/>\n<meta property=\"og:locale\" content=\"pt_BR\" \/>\n<meta property=\"og:type\" content=\"article\" \/>\n<meta property=\"og:title\" content=\"Contato - Requinte Marcenaria\" \/>\n<meta property=\"og:description\" content=\"Contato Entre em contato Tem alguma pergunta Envie para a gente Ative o JavaScript no seu navegador para preencher este formul\u00e1rio.Nome *Numero de telefoneEmail *Residencial ou Comercial?Escreva sua mensagem * Enviar Visite nossa loja Itapevi, SP R. Prof. Dimar\u00e3es Ant\u00f4nio Sandei, 137 &#8211; Cidade da Saude &#8211; 06693-130 Ligue para n\u00f3s (11) 98680-4766 Atendemos de [&hellip;]\" \/>\n<meta property=\"og:url\" content=\"https:\/\/requintemarcenaria.com\/?page_id=17\" \/>\n<meta property=\"og:site_name\" content=\"Requinte Marcenaria\" \/>\n<meta property=\"article:modified_time\" content=\"2025-09-11T13:32:01+00:00\" \/>\n<meta property=\"og:image\" content=\"https:\/\/requintemarcenaria.com\/wp-content\/uploads\/2021\/06\/contact-us-1.jpg\" \/>\n\t<meta property=\"og:image:width\" content=\"500\" \/>\n\t<meta property=\"og:image:height\" content=\"672\" \/>\n\t<meta property=\"og:image:type\" content=\"image\/jpeg\" \/>\n<meta name=\"twitter:card\" content=\"summary_large_image\" \/>\n<meta name=\"twitter:label1\" content=\"Est. tempo de leitura\" \/>\n\t<meta name=\"twitter:data1\" content=\"1 minuto\" \/>\n<script type=\"application\/ld+json\" class=\"yoast-schema-graph\">{\"@context\":\"https:\/\/schema.org\",\"@graph\":[{\"@type\":\"WebPage\",\"@id\":\"https:\/\/requintemarcenaria.com\/?page_id=17\",\"url\":\"https:\/\/requintemarcenaria.com\/?page_id=17\",\"name\":\"Contato - Requinte Marcenaria\",\"isPartOf\":{\"@id\":\"https:\/\/requintemarcenaria.com\/#website\"},\"primaryImageOfPage\":{\"@id\":\"https:\/\/requintemarcenaria.com\/?page_id=17#primaryimage\"},\"image\":{\"@id\":\"https:\/\/requintemarcenaria.com\/?page_id=17#primaryimage\"},\"thumbnailUrl\":\"https:\/\/requintemarcenaria.com\/wp-content\/uploads\/2021\/06\/contact-us-1.jpg\",\"datePublished\":\"2025-07-22T13:19:36+00:00\",\"dateModified\":\"2025-09-11T13:32:01+00:00\",\"breadcrumb\":{\"@id\":\"https:\/\/requintemarcenaria.com\/?page_id=17#breadcrumb\"},\"inLanguage\":\"pt-BR\",\"potentialAction\":[{\"@type\":\"ReadAction\",\"target\":[\"https:\/\/requintemarcenaria.com\/?page_id=17\"]}]},{\"@type\":\"ImageObject\",\"inLanguage\":\"pt-BR\",\"@id\":\"https:\/\/requintemarcenaria.com\/?page_id=17#primaryimage\",\"url\":\"https:\/\/requintemarcenaria.com\/wp-content\/uploads\/2021\/06\/contact-us-1.jpg\",\"contentUrl\":\"https:\/\/requintemarcenaria.com\/wp-content\/uploads\/2021\/06\/contact-us-1.jpg\",\"width\":500,\"height\":672,\"caption\":\"contact us 1\"},{\"@type\":\"BreadcrumbList\",\"@id\":\"https:\/\/requintemarcenaria.com\/?page_id=17#breadcrumb\",\"itemListElement\":[{\"@type\":\"ListItem\",\"position\":1,\"name\":\"In\u00edcio\",\"item\":\"https:\/\/requintemarcenaria.com\/\"},{\"@type\":\"ListItem\",\"position\":2,\"name\":\"Contato\"}]},{\"@type\":\"WebSite\",\"@id\":\"https:\/\/requintemarcenaria.com\/#website\",\"url\":\"https:\/\/requintemarcenaria.com\/\",\"name\":\"Requinte Marcenaria\",\"description\":\"\",\"publisher\":{\"@id\":\"https:\/\/requintemarcenaria.com\/#organization\"},\"potentialAction\":[{\"@type\":\"SearchAction\",\"target\":{\"@type\":\"EntryPoint\",\"urlTemplate\":\"https:\/\/requintemarcenaria.com\/?s={search_term_string}\"},\"query-input\":{\"@type\":\"PropertyValueSpecification\",\"valueRequired\":true,\"valueName\":\"search_term_string\"}}],\"inLanguage\":\"pt-BR\"},{\"@type\":\"Organization\",\"@id\":\"https:\/\/requintemarcenaria.com\/#organization\",\"name\":\"Requinte Marcenaria\",\"url\":\"https:\/\/requintemarcenaria.com\/\",\"logo\":{\"@type\":\"ImageObject\",\"inLanguage\":\"pt-BR\",\"@id\":\"https:\/\/requintemarcenaria.com\/#\/schema\/logo\/image\/\",\"url\":\"https:\/\/requintemarcenaria.com\/wp-content\/uploads\/2025\/07\/LogoRequinte.png\",\"contentUrl\":\"https:\/\/requintemarcenaria.com\/wp-content\/uploads\/2025\/07\/LogoRequinte.png\",\"width\":320,\"height\":320,\"caption\":\"Requinte Marcenaria\"},\"image\":{\"@id\":\"https:\/\/requintemarcenaria.com\/#\/schema\/logo\/image\/\"}}]}<\/script>\n<!-- \/ Yoast SEO plugin. -->","yoast_head_json":{"title":"Contato - Requinte Marcenaria","robots":{"index":"index","follow":"follow","max-snippet":"max-snippet:-1","max-image-preview":"max-image-preview:large","max-video-preview":"max-video-preview:-1"},"canonical":"https:\/\/requintemarcenaria.com\/?page_id=17","og_locale":"pt_BR","og_type":"article","og_title":"Contato - Requinte Marcenaria","og_description":"Contato Entre em contato Tem alguma pergunta Envie para a gente Ative o JavaScript no seu navegador para preencher este formul\u00e1rio.Nome *Numero de telefoneEmail *Residencial ou Comercial?Escreva sua mensagem * Enviar Visite nossa loja Itapevi, SP R. Prof. Dimar\u00e3es Ant\u00f4nio Sandei, 137 &#8211; Cidade da Saude &#8211; 06693-130 Ligue para n\u00f3s (11) 98680-4766 Atendemos de [&hellip;]","og_url":"https:\/\/requintemarcenaria.com\/?page_id=17","og_site_name":"Requinte Marcenaria","article_modified_time":"2025-09-11T13:32:01+00:00","og_image":[{"width":500,"height":672,"url":"https:\/\/requintemarcenaria.com\/wp-content\/uploads\/2021\/06\/contact-us-1.jpg","type":"image\/jpeg"}],"twitter_card":"summary_large_image","twitter_misc":{"Est. tempo de leitura":"1 minuto"},"schema":{"@context":"https:\/\/schema.org","@graph":[{"@type":"WebPage","@id":"https:\/\/requintemarcenaria.com\/?page_id=17","url":"https:\/\/requintemarcenaria.com\/?page_id=17","name":"Contato - Requinte Marcenaria","isPartOf":{"@id":"https:\/\/requintemarcenaria.com\/#website"},"primaryImageOfPage":{"@id":"https:\/\/requintemarcenaria.com\/?page_id=17#primaryimage"},"image":{"@id":"https:\/\/requintemarcenaria.com\/?page_id=17#primaryimage"},"thumbnailUrl":"https:\/\/requintemarcenaria.com\/wp-content\/uploads\/2021\/06\/contact-us-1.jpg","datePublished":"2025-07-22T13:19:36+00:00","dateModified":"2025-09-11T13:32:01+00:00","breadcrumb":{"@id":"https:\/\/requintemarcenaria.com\/?page_id=17#breadcrumb"},"inLanguage":"pt-BR","potentialAction":[{"@type":"ReadAction","target":["https:\/\/requintemarcenaria.com\/?page_id=17"]}]},{"@type":"ImageObject","inLanguage":"pt-BR","@id":"https:\/\/requintemarcenaria.com\/?page_id=17#primaryimage","url":"https:\/\/requintemarcenaria.com\/wp-content\/uploads\/2021\/06\/contact-us-1.jpg","contentUrl":"https:\/\/requintemarcenaria.com\/wp-content\/uploads\/2021\/06\/contact-us-1.jpg","width":500,"height":672,"caption":"contact us 1"},{"@type":"BreadcrumbList","@id":"https:\/\/requintemarcenaria.com\/?page_id=17#breadcrumb","itemListElement":[{"@type":"ListItem","position":1,"name":"In\u00edcio","item":"https:\/\/requintemarcenaria.com\/"},{"@type":"ListItem","position":2,"name":"Contato"}]},{"@type":"WebSite","@id":"https:\/\/requintemarcenaria.com\/#website","url":"https:\/\/requintemarcenaria.com\/","name":"Requinte Marcenaria","description":"","publisher":{"@id":"https:\/\/requintemarcenaria.com\/#organization"},"potentialAction":[{"@type":"SearchAction","target":{"@type":"EntryPoint","urlTemplate":"https:\/\/requintemarcenaria.com\/?s={search_term_string}"},"query-input":{"@type":"PropertyValueSpecification","valueRequired":true,"valueName":"search_term_string"}}],"inLanguage":"pt-BR"},{"@type":"Organization","@id":"https:\/\/requintemarcenaria.com\/#organization","name":"Requinte Marcenaria","url":"https:\/\/requintemarcenaria.com\/","logo":{"@type":"ImageObject","inLanguage":"pt-BR","@id":"https:\/\/requintemarcenaria.com\/#\/schema\/logo\/image\/","url":"https:\/\/requintemarcenaria.com\/wp-content\/uploads\/2025\/07\/LogoRequinte.png","contentUrl":"https:\/\/requintemarcenaria.com\/wp-content\/uploads\/2025\/07\/LogoRequinte.png","width":320,"height":320,"caption":"Requinte Marcenaria"},"image":{"@id":"https:\/\/requintemarcenaria.com\/#\/schema\/logo\/image\/"}}]}},"_links":{"self":[{"href":"https:\/\/requintemarcenaria.com\/index.php?rest_route=\/wp\/v2\/pages\/17","targetHints":{"allow":["GET"]}}],"collection":[{"href":"https:\/\/requintemarcenaria.com\/index.php?rest_route=\/wp\/v2\/pages"}],"about":[{"href":"https:\/\/requintemarcenaria.com\/index.php?rest_route=\/wp\/v2\/types\/page"}],"author":[{"embeddable":true,"href":"https:\/\/requintemarcenaria.com\/index.php?rest_route=\/wp\/v2\/users\/1"}],"replies":[{"embeddable":true,"href":"https:\/\/requintemarcenaria.com\/index.php?rest_route=%2Fwp%2Fv2%2Fcomments&post=17"}],"version-history":[{"count":22,"href":"https:\/\/requintemarcenaria.com\/index.php?rest_route=\/wp\/v2\/pages\/17\/revisions"}],"predecessor-version":[{"id":3156,"href":"https:\/\/requintemarcenaria.com\/index.php?rest_route=\/wp\/v2\/pages\/17\/revisions\/3156"}],"wp:attachment":[{"href":"https:\/\/requintemarcenaria.com\/index.php?rest_route=%2Fwp%2Fv2%2Fmedia&parent=17"}],"curies":[{"name":"wp","href":"https:\/\/api.w.org\/{rel}","templated":true}]}}